{"id":29,"date":"2021-05-10T15:29:23","date_gmt":"2021-05-10T15:29:23","guid":{"rendered":"http:\/\/certsoares.com.br\/?page_id=29"},"modified":"2021-05-10T18:39:05","modified_gmt":"2021-05-10T18:39:05","slug":"perguntas-frequentes","status":"publish","type":"page","link":"https:\/\/certsoares.com.br\/?page_id=29","title":{"rendered":"PERGUNTAS FREQUENTES"},"content":{"rendered":"\t\t<div data-elementor-type=\"wp-page\" data-elementor-id=\"29\" class=\"elementor elementor-29\" data-elementor-post-type=\"page\">\n\t\t\t\t\t\t<section class=\"elementor-section elementor-top-section elementor-element elementor-element-99c658e elementor-section-boxed elementor-section-height-default elementor-section-height-default wpr-particle-no wpr-jarallax-no wpr-parallax-no wpr-sticky-section-no\" data-id=\"99c658e\" data-element_type=\"section\" data-e-type=\"section\">\n\t\t\t\t\t\t<div class=\"elementor-container elementor-column-gap-default\">\n\t\t\t\t\t<div class=\"elementor-column elementor-col-100 elementor-top-column elementor-element elementor-element-3b3abab\" data-id=\"3b3abab\" data-element_type=\"column\" data-e-type=\"column\">\n\t\t\t<div class=\"elementor-widget-wrap elementor-element-populated\">\n\t\t\t\t\t\t<div class=\"elementor-element elementor-element-543f81e elementor-widget elementor-widget-text-editor\" data-id=\"543f81e\" data-element_type=\"widget\" data-e-type=\"widget\" data-widget_type=\"text-editor.default\">\n\t\t\t\t<div class=\"elementor-widget-container\">\n\t\t\t\t\t\t\t\t\t<p>Perguntas Frequentes<\/p>\t\t\t\t\t\t\t\t<\/div>\n\t\t\t\t<\/div>\n\t\t\t\t<section class=\"elementor-section elementor-inner-section elementor-element elementor-element-26bb9a9 elementor-section-boxed elementor-section-height-default elementor-section-height-default wpr-particle-no wpr-jarallax-no wpr-parallax-no wpr-sticky-section-no\" data-id=\"26bb9a9\" data-element_type=\"section\" data-e-type=\"section\">\n\t\t\t\t\t\t<div class=\"elementor-container elementor-column-gap-default\">\n\t\t\t\t\t<div class=\"elementor-column elementor-col-100 elementor-inner-column elementor-element elementor-element-2385b8a\" data-id=\"2385b8a\" data-element_type=\"column\" data-e-type=\"column\">\n\t\t\t<div class=\"elementor-widget-wrap elementor-element-populated\">\n\t\t\t\t\t\t<div class=\"elementor-element elementor-element-a42372b elementor-widget elementor-widget-toggle\" data-id=\"a42372b\" data-element_type=\"widget\" data-e-type=\"widget\" data-widget_type=\"toggle.default\">\n\t\t\t\t<div class=\"elementor-widget-container\">\n\t\t\t\t\t\t\t<div class=\"elementor-toggle\">\n\t\t\t\t\t\t\t<div class=\"elementor-toggle-item\">\n\t\t\t\t\t<div id=\"elementor-tab-title-1721\" class=\"elementor-tab-title\" data-tab=\"1\" role=\"button\" aria-controls=\"elementor-tab-content-1721\" aria-expanded=\"false\">\n\t\t\t\t\t\t\t\t\t\t\t\t<span class=\"elementor-toggle-icon elementor-toggle-icon-left\" aria-hidden=\"true\">\n\t\t\t\t\t\t\t\t\t\t\t\t\t\t\t<span class=\"elementor-toggle-icon-closed\"><i class=\"fas fa-caret-right\"><\/i><\/span>\n\t\t\t\t\t\t\t\t<span class=\"elementor-toggle-icon-opened\"><i class=\"elementor-toggle-icon-opened fas fa-caret-up\"><\/i><\/span>\n\t\t\t\t\t\t\t\t\t\t\t\t\t<\/span>\n\t\t\t\t\t\t\t\t\t\t\t\t<a class=\"elementor-toggle-title\" tabindex=\"0\">O que \u00e9 o Certificado Digital?<\/a>\n\t\t\t\t\t<\/div>\n\n\t\t\t\t\t<div id=\"elementor-tab-content-1721\" class=\"elementor-tab-content elementor-clearfix\" data-tab=\"1\" role=\"region\" aria-labelledby=\"elementor-tab-title-1721\"><p>\u00c9 a identidade digital da pessoa f\u00edsica e jur\u00eddica no meio eletr\u00f4nico, ou seja, uma carteira de identifica\u00e7\u00e3o virtual.<\/p><\/div>\n\t\t\t\t<\/div>\n\t\t\t\t\t\t\t<div class=\"elementor-toggle-item\">\n\t\t\t\t\t<div id=\"elementor-tab-title-1722\" class=\"elementor-tab-title\" data-tab=\"2\" role=\"button\" aria-controls=\"elementor-tab-content-1722\" aria-expanded=\"false\">\n\t\t\t\t\t\t\t\t\t\t\t\t<span class=\"elementor-toggle-icon elementor-toggle-icon-left\" aria-hidden=\"true\">\n\t\t\t\t\t\t\t\t\t\t\t\t\t\t\t<span class=\"elementor-toggle-icon-closed\"><i class=\"fas fa-caret-right\"><\/i><\/span>\n\t\t\t\t\t\t\t\t<span class=\"elementor-toggle-icon-opened\"><i class=\"elementor-toggle-icon-opened fas fa-caret-up\"><\/i><\/span>\n\t\t\t\t\t\t\t\t\t\t\t\t\t<\/span>\n\t\t\t\t\t\t\t\t\t\t\t\t<a class=\"elementor-toggle-title\" tabindex=\"0\">O que o Certificado Digital garante?<\/a>\n\t\t\t\t\t<\/div>\n\n\t\t\t\t\t<div id=\"elementor-tab-content-1722\" class=\"elementor-tab-content elementor-clearfix\" data-tab=\"2\" role=\"region\" aria-labelledby=\"elementor-tab-title-1722\"><p>O Certificado Digital garante autenticidade, confidencialidade, integridade e n\u00e3o rep\u00fadio nas opera\u00e7\u00f5es que s\u00e3o realizadas por meio dele e atribui validade jur\u00eddica, ou seja, tem a mesma autenticidade e validade jur\u00eddica da assinatura em papel.<\/p><\/div>\n\t\t\t\t<\/div>\n\t\t\t\t\t\t\t<div class=\"elementor-toggle-item\">\n\t\t\t\t\t<div id=\"elementor-tab-title-1723\" class=\"elementor-tab-title\" data-tab=\"3\" role=\"button\" aria-controls=\"elementor-tab-content-1723\" aria-expanded=\"false\">\n\t\t\t\t\t\t\t\t\t\t\t\t<span class=\"elementor-toggle-icon elementor-toggle-icon-left\" aria-hidden=\"true\">\n\t\t\t\t\t\t\t\t\t\t\t\t\t\t\t<span class=\"elementor-toggle-icon-closed\"><i class=\"fas fa-caret-right\"><\/i><\/span>\n\t\t\t\t\t\t\t\t<span class=\"elementor-toggle-icon-opened\"><i class=\"elementor-toggle-icon-opened fas fa-caret-up\"><\/i><\/span>\n\t\t\t\t\t\t\t\t\t\t\t\t\t<\/span>\n\t\t\t\t\t\t\t\t\t\t\t\t<a class=\"elementor-toggle-title\" tabindex=\"0\">Quais os Benef\u00edcios do Certificado Digital?<\/a>\n\t\t\t\t\t<\/div>\n\n\t\t\t\t\t<div id=\"elementor-tab-content-1723\" class=\"elementor-tab-content elementor-clearfix\" data-tab=\"3\" role=\"region\" aria-labelledby=\"elementor-tab-title-1723\"><p>O Certificado Digital permite que diversos servi\u00e7os sejam realizados sem a necessidade da presen\u00e7a f\u00edsica, como assinar digitalmente contratos e ter acesso a servi\u00e7os p\u00fablicos por portais, como o da Receita Federal ou do INSS.<\/p><\/div>\n\t\t\t\t<\/div>\n\t\t\t\t\t\t\t<div class=\"elementor-toggle-item\">\n\t\t\t\t\t<div id=\"elementor-tab-title-1724\" class=\"elementor-tab-title\" data-tab=\"4\" role=\"button\" aria-controls=\"elementor-tab-content-1724\" aria-expanded=\"false\">\n\t\t\t\t\t\t\t\t\t\t\t\t<span class=\"elementor-toggle-icon elementor-toggle-icon-left\" aria-hidden=\"true\">\n\t\t\t\t\t\t\t\t\t\t\t\t\t\t\t<span class=\"elementor-toggle-icon-closed\"><i class=\"fas fa-caret-right\"><\/i><\/span>\n\t\t\t\t\t\t\t\t<span class=\"elementor-toggle-icon-opened\"><i class=\"elementor-toggle-icon-opened fas fa-caret-up\"><\/i><\/span>\n\t\t\t\t\t\t\t\t\t\t\t\t\t<\/span>\n\t\t\t\t\t\t\t\t\t\t\t\t<a class=\"elementor-toggle-title\" tabindex=\"0\">Quem precisa de Certificado Digital?<\/a>\n\t\t\t\t\t<\/div>\n\n\t\t\t\t\t<div id=\"elementor-tab-content-1724\" class=\"elementor-tab-content elementor-clearfix\" data-tab=\"4\" role=\"region\" aria-labelledby=\"elementor-tab-title-1724\"><p>\u00c9 um benef\u00edcio que todas as pessoas podem usar no dia a dia, evitando a necessidade de deslocamento at\u00e9 cart\u00f3rios e no caso das empresas que precisam emitir Nota Fiscal Eletr\u00f4nica, a Certifica\u00e7\u00e3o \u00e9 Obrigat\u00f3ria.<\/p><\/div>\n\t\t\t\t<\/div>\n\t\t\t\t\t\t\t<div class=\"elementor-toggle-item\">\n\t\t\t\t\t<div id=\"elementor-tab-title-1725\" class=\"elementor-tab-title\" data-tab=\"5\" role=\"button\" aria-controls=\"elementor-tab-content-1725\" aria-expanded=\"false\">\n\t\t\t\t\t\t\t\t\t\t\t\t<span class=\"elementor-toggle-icon elementor-toggle-icon-left\" aria-hidden=\"true\">\n\t\t\t\t\t\t\t\t\t\t\t\t\t\t\t<span class=\"elementor-toggle-icon-closed\"><i class=\"fas fa-caret-right\"><\/i><\/span>\n\t\t\t\t\t\t\t\t<span class=\"elementor-toggle-icon-opened\"><i class=\"elementor-toggle-icon-opened fas fa-caret-up\"><\/i><\/span>\n\t\t\t\t\t\t\t\t\t\t\t\t\t<\/span>\n\t\t\t\t\t\t\t\t\t\t\t\t<a class=\"elementor-toggle-title\" tabindex=\"0\">Quais os Tipos de Certificado Digital?<\/a>\n\t\t\t\t\t<\/div>\n\n\t\t\t\t\t<div id=\"elementor-tab-content-1725\" class=\"elementor-tab-content elementor-clearfix\" data-tab=\"5\" role=\"region\" aria-labelledby=\"elementor-tab-title-1725\"><p>Existem 2 tipos de Certificado Digital:<br \/><br \/>A1 \u2013 emitido e armazenado no computador ou no dispositivo m\u00f3vel (smartphone ou tablet), e<br \/>tem validade de 1 ano.<br \/><br \/>A3 \u2013 emitido e armazenado em m\u00eddia criptogr\u00e1fica (Cart\u00e3o, Token ou Nuvem), e tem validade<br \/>de 1 a 5 anos.<br \/><br \/>O Certificado Digital divide-se tamb\u00e9m por categorias, as principais categorias s\u00e3o e-CPF<br \/>(Pessoa F\u00edsica), e-CNPJ (Pessoa Jur\u00eddica) e NF-e (Pessoa Jur\u00eddica para Emiss\u00e3o de Nota Fiscal<br \/>Eletr\u00f4nica)<\/p><\/div>\n\t\t\t\t<\/div>\n\t\t\t\t\t\t\t<div class=\"elementor-toggle-item\">\n\t\t\t\t\t<div id=\"elementor-tab-title-1726\" class=\"elementor-tab-title\" data-tab=\"6\" role=\"button\" aria-controls=\"elementor-tab-content-1726\" aria-expanded=\"false\">\n\t\t\t\t\t\t\t\t\t\t\t\t<span class=\"elementor-toggle-icon elementor-toggle-icon-left\" aria-hidden=\"true\">\n\t\t\t\t\t\t\t\t\t\t\t\t\t\t\t<span class=\"elementor-toggle-icon-closed\"><i class=\"fas fa-caret-right\"><\/i><\/span>\n\t\t\t\t\t\t\t\t<span class=\"elementor-toggle-icon-opened\"><i class=\"elementor-toggle-icon-opened fas fa-caret-up\"><\/i><\/span>\n\t\t\t\t\t\t\t\t\t\t\t\t\t<\/span>\n\t\t\t\t\t\t\t\t\t\t\t\t<a class=\"elementor-toggle-title\" tabindex=\"0\">O que \u00e9 a ICP-BRASIL?<\/a>\n\t\t\t\t\t<\/div>\n\n\t\t\t\t\t<div id=\"elementor-tab-content-1726\" class=\"elementor-tab-content elementor-clearfix\" data-tab=\"6\" role=\"region\" aria-labelledby=\"elementor-tab-title-1726\">A ICP-Brasil &#8211; Infraestrutura de Chaves P\u00fablicas Brasileira, \u00e9 uma cadeia hier\u00e1rquica e de\nconfian\u00e7a que viabiliza a emiss\u00e3o de Certificados Digitais para identifica\u00e7\u00e3o virtual do cidad\u00e3o.\nEla \u00e9 a primeira autoridade da cadeia de Certifica\u00e7\u00e3o, ou seja, \u00e9 uma AC-Raiz, e executa as\nPol\u00edticas de Certificados e normas t\u00e9cnicas e operacionais aprovadas pelo Comit\u00ea gestor da\nICP-Brasil, e compete a ela emitir, expedir, distribuir, revogar e gerenciar os Certificados das\nAutoridades certificadoras de n\u00edvel imediatamente subsequente ao seu.<\/div>\n\t\t\t\t<\/div>\n\t\t\t\t\t\t\t\t<\/div>\n\t\t\t\t\t\t<\/div>\n\t\t\t\t<\/div>\n\t\t\t\t\t<\/div>\n\t\t<\/div>\n\t\t\t\t\t<\/div>\n\t\t<\/section>\n\t\t\t\t\t<\/div>\n\t\t<\/div>\n\t\t\t\t\t<\/div>\n\t\t<\/section>\n\t\t\t\t<\/div>\n\t\t","protected":false},"excerpt":{"rendered":"<p>Perguntas Frequentes O que \u00e9 o Certificado Digital? \u00c9 a identidade digital da pessoa f\u00edsica e jur\u00eddica no meio eletr\u00f4nico, ou seja, uma carteira de identifica\u00e7\u00e3o virtual. O que o Certificado Digital garante? O Certificado Digital garante autenticidade, confidencialidade, integridade e n\u00e3o rep\u00fadio nas opera\u00e7\u00f5es que s\u00e3o realizadas por meio dele e atribui validade jur\u00eddica, ou seja, tem a mesma autenticidade e validade jur\u00eddica da assinatura em papel. Quais os Benef\u00edcios do Certificado Digital? O Certificado Digital permite que diversos servi\u00e7os sejam realizados sem a necessidade da presen\u00e7a f\u00edsica, como assinar digitalmente contratos e ter acesso a servi\u00e7os p\u00fablicos por portais, como o da Receita Federal ou do INSS. Quem precisa de Certificado Digital? \u00c9 um benef\u00edcio que todas as pessoas podem usar no dia a dia, evitando a necessidade de deslocamento at\u00e9 cart\u00f3rios e no caso das empresas que precisam emitir Nota Fiscal Eletr\u00f4nica, a Certifica\u00e7\u00e3o \u00e9 Obrigat\u00f3ria. Quais os Tipos de Certificado Digital? Existem 2 tipos de Certificado Digital: A1 \u2013 emitido e armazenado no computador ou no dispositivo m\u00f3vel (smartphone ou tablet), etem validade de 1 ano. A3 \u2013 emitido e armazenado em m\u00eddia criptogr\u00e1fica (Cart\u00e3o, Token ou Nuvem), e tem validadede 1 a 5 anos. O Certificado Digital divide-se tamb\u00e9m por categorias, as principais categorias s\u00e3o e-CPF(Pessoa F\u00edsica), e-CNPJ (Pessoa Jur\u00eddica) e NF-e (Pessoa Jur\u00eddica para Emiss\u00e3o de Nota FiscalEletr\u00f4nica) O que \u00e9 a ICP-BRASIL? A ICP-Brasil &#8211; Infraestrutura de Chaves P\u00fablicas Brasileira, \u00e9 uma cadeia hier\u00e1rquica e de confian\u00e7a que viabiliza a emiss\u00e3o de Certificados Digitais para identifica\u00e7\u00e3o virtual do cidad\u00e3o. Ela \u00e9 a primeira autoridade da cadeia de Certifica\u00e7\u00e3o, ou seja, \u00e9 uma AC-Raiz, e executa as Pol\u00edticas de Certificados e normas t\u00e9cnicas e operacionais aprovadas pelo Comit\u00ea gestor da ICP-Brasil, e compete a ela emitir, expedir, distribuir, revogar e gerenciar os Certificados das Autoridades certificadoras de n\u00edvel imediatamente subsequente ao seu.<\/p>\n","protected":false},"author":1,"featured_media":0,"parent":0,"menu_order":0,"comment_status":"closed","ping_status":"closed","template":"elementor_header_footer","meta":{"_joinchat":[],"footnotes":""},"class_list":["post-29","page","type-page","status-publish","hentry"],"_links":{"self":[{"href":"https:\/\/certsoares.com.br\/index.php?rest_route=\/wp\/v2\/pages\/29","targetHints":{"allow":["GET"]}}],"collection":[{"href":"https:\/\/certsoares.com.br\/index.php?rest_route=\/wp\/v2\/pages"}],"about":[{"href":"https:\/\/certsoares.com.br\/index.php?rest_route=\/wp\/v2\/types\/page"}],"author":[{"embeddable":true,"href":"https:\/\/certsoares.com.br\/index.php?rest_route=\/wp\/v2\/users\/1"}],"replies":[{"embeddable":true,"href":"https:\/\/certsoares.com.br\/index.php?rest_route=%2Fwp%2Fv2%2Fcomments&post=29"}],"version-history":[{"count":13,"href":"https:\/\/certsoares.com.br\/index.php?rest_route=\/wp\/v2\/pages\/29\/revisions"}],"predecessor-version":[{"id":123,"href":"https:\/\/certsoares.com.br\/index.php?rest_route=\/wp\/v2\/pages\/29\/revisions\/123"}],"wp:attachment":[{"href":"https:\/\/certsoares.com.br\/index.php?rest_route=%2Fwp%2Fv2%2Fmedia&parent=29"}],"curies":[{"name":"wp","href":"https:\/\/api.w.org\/{rel}","templated":true}]}}